t of 1062307?
0
What is the tens digit of 824329?
2
What is the tens digit of 246280?
8
What is the hundred thousands digit of 27208277?
2
What is the units digit of 160323?
3
What is the hundred thousands digit of 873717?
8
What is the units digit of 945157?
7
What is the ten thousands digit of 10078776?
7
What is the ten thousands digit of 7150559?
5
What is the units digit of 367052?
2
What is the ten thousands digit of 391478?
9
What is the tens digit of 1000977?
7
What is the hundreds digit of 58610?
6
What is the tens digit of 186562?
6
What is the thousands digit of 540765?
0
What is the ten thousands digit of 349954?
4
What is the units digit of 859919?
9
What is the ten thousands digit of 16175888?
7
What is the ten thousands digit of 849178?
4
What is the tens digit of 229837?
3
What is the hundred thousands digit of 3917086?
9
What is the millions digit of 3226243?
3
What is the ten thousands digit of 190872?
9
What is the tens digit of 1292380?
8
What is the hundreds digit of 5879382?
3
What is the hundred thousands digit of 1314178?
3
What is the hundred thousands digit of 303420?
3
What is the ten thousands digit of 18553591?
5
What is the hundred thousands digit of 460158?
4
What is the hundred thousands digit of 1666185?
6
What is the ten thousands digit of 689808?
8
What is the hundred thousands digit of 1098835?
0
What is the hundred thousands digit of 247798?
2
What is the hundreds digit of 1727788?
7
What is the ten thousands digit of 17181703?
8
What is the tens digit of 5081058?
5
What is the hundreds digit of 4563331?
3
What is the millions digit of 5008988?
5
What is the thousands digit of 3195797?
5
What is the millions digit of 3655704?
3
What is the millions digit of 1212145?
1
What is the tens digit of 130899?
9
What is the millions digit of 7690942?
7
What is the hundred thousands digit of 2474496?
4
What is the hundreds digit of 32176538?
5
What is the hundred thousands digit of 917211?
9
What is the thousands digit of 1525249?
5
What is the millions digit of 11677886?
1
What is the units digit of 861968?
8
What is the millions digit of 2846417?
2
What is the hundred thousands digit of 8166360?
1
What is the tens digit of 2387610?
1
What is the thousands digit of 271982?
1
What is the ten thousands digit of 31059953?
5
What is the ten millions digit of 20697356?
2
What is the hundreds digit of 3211348?
3
What is the millions digit of 3186206?
3
What is the ten thousands digit of 29214000?
1
What is the units digit of 253458?
8
What is the hundred thousands digit of 935890?
9
What is the units digit of 21800622?
2
What is the ten thousands digit of 7569365?
6
What is the ten thousands digit of 640217?
4
What is the tens digit of 55773?
7
What is the thousands digit of 686145?
6
What is the ten thousands digit of 2766469?
6
What is the tens digit of 268282?
8
What is the hundreds digit of 39006?
0
What is the millions digit of 7217591?
7
What is the hundred thousands digit of 28166457?
1
What is the ten thousands digit of 688986?
8
What is the ten thousands digit of 1318714?
1
What is the hundred thousands digit of 586008?
5
What is the ten millions digit of 17683564?
1
What is the hundreds digit of 457521?
5
What is the tens digit of 3831380?
8
What is the hundreds digit of 153216?
2
What is the tens digit of 108254?
5
What is the units digit of 954966?
6
What is the ten thousands digit of 93918?
9
What is the tens digit of 2099594?
9
What is the hundred thousands digit of 4094140?
0
What is the ten thousands digit of 227303?
2
What is the hundred thousands digit of 1878613?
8
What is the thousands digit of 25609979?
9
What is the hundred thousands digit of 15286774?
2
What is the hundred thousands digit of 8065391?
0
What is the hundreds digit of 480851?
8
What is the tens digit of 918396?
9
What is the tens digit of 137987?
8
What is the units digit of 107348?
8
What is the hundreds digit of 178045?
0
What is the ten thousands digit of 163024?
6
What is the hundreds digit of 130941?
9
What is the units digit of 637370?
0
What is the ten thousands digit of 355280?
5
What is the tens digit of 4453327?
2
What is the hundred thousands digit of 17193062?
1
What is the hundreds digit of 3572277?
2
What is the units digit of 164567?
7
What is the hundred thousands digit of 645062?
6
What is the ten thousands digit of 615704?
1
What is the tens digit of 1832758?
5
What is the millions digit of 3360062?
3
What is the thousands digit of 9873109?
3
What is the tens digit of 231520?
2
What is the hundreds digit of 12949386?
3
What is the thousands digit of 61246?
1
What is the hundred thousands digit of 428812?
4
What is the ten thousands digit of 1918279?
1
What is the hundred thousands digit of 3333407?
3
What is the thousands digit of 8435943?
5
What is the thousands digit of 739971?
9
What is the hundreds digit of 14662895?
8
What is the hundred thousands digit of 8130721?
1
What is the hundred thousands digit of 16178544?
1
What is the millions digit of 2865997?
2
What is the hundreds digit of 576492?
4
What is the tens digit of 674198?
9
What is the hundred thousands digit of 178162?
1
What is the ten thousands digit of 63360?
6
What is the hundred thousands digit of 386179?
3
What is the tens digit of 15039878?
7
What is the ten thousands digit of 47046?
4
What is the units digit of 205984?
4
What is the tens digit of 15146?
4
What is the thousands digit of 7828897?
8
What is the tens digit of 98794?
9
What is the ten thousands digit of 1492037?
9
What is the hundreds digit of 1070184?
1
What is the hundreds digit of 86856?
8
What is the hundred thousands digit of 165490?
1
What is the millions digit of 2121588?
2
What is the millions digit of 9900898?
9
What is the thousands digit of 25672333?
2
What is the tens digit of 22286782?
8
What is the thousands digit of 198151?
8
What is the ten thousands digit of 214599?
1
What is the millions digit of 3627915?
3
What is the thousands digit of 6408661?
8
What is the units digit of 351295?
5
What is the millions digit of 1032871?
1
What is the hundreds digit of 61860?
8
What is the millions digit of 2360666?
2
What is the thousands digit of 396107?
6
What is the hundreds digit of 8133047?
0
What is the thousands digit of 974290?
4
What is the thousands digit of 316456?
6
What is the tens digit of 3878930?
3
What is the units digit of 27112?
2
What is the millions digit of 4745825?
4
What is the millions digit of 21129502?
1
What is the hundreds digit of 376962?
9
What is the tens digit of 24787795?
9
What is the hundred thousands digit of 283047?
2
What is the hundreds digit of 3300865?
8
What is the units digit of 595554?
4
What is the units digit of 1603045?
5
What is the hundred thousands digit of 848402?
8
What is the tens digit of 1722853?
5
What is the thousands digit of 175628?
5
What is the ten thousands digit of 1564500?
6
What is the hundred thousands digit of 14775380?
7
What is the millions digit of 7954693?
7
What is the ten millions digit of 16124684?
1
What is the hundred thousands digit of 233312?
2
What is the millions digit of 6153500?
6
What is the ten thousands digit of 10987199?
8
What is the ten thousands digit of 14225791?
2
What is the hundreds digit of 6899328?
3
What is the units digit of 2256837?
7
What is the ten thousands digit of 197409?
9
What is the millions digit of 3029007?
3
What is the hundreds digit of 26794?
7
What is the hundred thousands digit of 1918985?
9
What is the ten thousands digit of 191720?
9
What is the units digit of 9474?
4
What is the thousands digit of 866969?
6
What is the hundreds digit of 770721?
7
What is the hundreds digit of 91926?
9
What is the hundreds digit of 344476?
4
What is the hundred thousands digit of 4209617?
2
What is the units digit of 239440?
0
What is the thousands digit of 260993?
0
What is the thousands digit of 56948?
6
What is the hundreds digit of 8236702?
7
What is the hundreds digit of 1223877?
8
What is the millions digit of 1066342?
1
What is the hundred thousands digit of 2037139?
0
What is the ten thousands digit of 192420?
9
What is the hundreds digit of 4022590?
5
What is the hundreds digit of 27249623?
6
What is the tens digit of 1717372?
7
What is the thousands digit of 22420?
2
W